{"id":77,"date":"2014-03-20T11:42:20","date_gmt":"2014-03-20T10:42:20","guid":{"rendered":"http:\/\/www.laflechelibre.fr\/blog\/?page_id=77"},"modified":"2023-09-03T10:03:22","modified_gmt":"2023-09-03T09:03:22","slug":"les-seances-dentrainements","status":"publish","type":"page","link":"https:\/\/www.laflechelibre.fr\/blog\/les-seances-dentrainements\/","title":{"rendered":"Les s\u00e9ances d&rsquo;entrainement"},"content":{"rendered":"<ul>\n<li><strong><span style=\"text-decoration: underline;\">Jours et horaires :<br \/>\n<\/span><\/strong> Le lundi \u00e0 partir de 17h.<\/li>\n<li><span style=\"text-decoration: underline;\"><strong>Personnes d\u00e9sirant essayer le Tir \u00e0 l&rsquo;Arc Instinctif :<\/strong><\/span><br \/>\nLes personnes (\u00e0 partir de 15 ans) d\u00e9sirant essayer le Tir \u00e0 l&rsquo;Arc Instinctif sont invit\u00e9es \u00e0 nous contacter afin de mettre en place une s\u00e9ance d&rsquo;essai sur rendez-vous.<\/li>\n<li><strong><span style=\"text-decoration: underline;\">Lieu :<\/span><\/strong><br \/>\nLes s\u00e9ances d&rsquo;entrainement se fond en ext\u00e9rieur sur le terrain \u00e0 Laragne-Mont\u00e9glin (Chemin des Isles, 05300 Laragne-Mont\u00e9glin).<br \/>\n<span style=\"text-decoration: underline;\">Coordonn\u00e9es GPS du terrain ext\u00e9rieur :<\/span><br \/>\n44\u00b018&rsquo;59.2&Prime;N 5\u00b048&rsquo;28.9&Prime;E (44.316450, 5.808023)<\/li>\n<li><strong><span style=\"text-decoration: underline;\">Plan d&rsquo;acc\u00e8s :<\/span> <\/strong>(Cliquez sur la photo pour une vue agrandie)<strong><span style=\"text-decoration: underline;\"><br \/>\n<a href=\"https:\/\/www.laflechelibre.fr\/blog\/wp-content\/uploads\/2014\/03\/plan_terrain_laragne.jpg\" target=\"_blank\" rel=\"noopener noreferrer\"><img loading=\"lazy\" decoding=\"async\" class=\"aligncenter wp-image-553 size-full\" src=\"https:\/\/www.laflechelibre.fr\/blog\/wp-content\/uploads\/2014\/03\/plan_terrain_laragne.jpg\" alt=\"plan acces terrain\" width=\"1230\" height=\"726\" srcset=\"https:\/\/www.laflechelibre.fr\/blog\/wp-content\/uploads\/2014\/03\/plan_terrain_laragne.jpg 1230w, https:\/\/www.laflechelibre.fr\/blog\/wp-content\/uploads\/2014\/03\/plan_terrain_laragne-300x177.jpg 300w, https:\/\/www.laflechelibre.fr\/blog\/wp-content\/uploads\/2014\/03\/plan_terrain_laragne-768x453.jpg 768w, https:\/\/www.laflechelibre.fr\/blog\/wp-content\/uploads\/2014\/03\/plan_terrain_laragne-1024x604.jpg 1024w, https:\/\/www.laflechelibre.fr\/blog\/wp-content\/uploads\/2014\/03\/plan_terrain_laragne-600x354.jpg 600w\" sizes=\"auto, (max-width: 1230px) 100vw, 1230px\" \/><\/a><a href=\"https:\/\/www.laflechelibre.fr\/blog\/wp-content\/uploads\/2014\/03\/photo_terrain_laragne.jpg\" target=\"_blank\" rel=\"noopener noreferrer\"><img loading=\"lazy\" decoding=\"async\" class=\"alignnone wp-image-556 size-full\" src=\"https:\/\/www.laflechelibre.fr\/blog\/wp-content\/uploads\/2014\/03\/photo_terrain_laragne.jpg\" alt=\"photo terrain laragne\" width=\"1641\" height=\"1002\" srcset=\"https:\/\/www.laflechelibre.fr\/blog\/wp-content\/uploads\/2014\/03\/photo_terrain_laragne.jpg 1641w, https:\/\/www.laflechelibre.fr\/blog\/wp-content\/uploads\/2014\/03\/photo_terrain_laragne-300x183.jpg 300w, https:\/\/www.laflechelibre.fr\/blog\/wp-content\/uploads\/2014\/03\/photo_terrain_laragne-768x469.jpg 768w, https:\/\/www.laflechelibre.fr\/blog\/wp-content\/uploads\/2014\/03\/photo_terrain_laragne-1024x625.jpg 1024w, https:\/\/www.laflechelibre.fr\/blog\/wp-content\/uploads\/2014\/03\/photo_terrain_laragne-600x366.jpg 600w\" sizes=\"auto, (max-width: 1641px) 100vw, 1641px\" \/><\/a><\/span><\/strong><\/li>\n<\/ul>\n","protected":false},"excerpt":{"rendered":"<p>Jours et horaires : Le lundi \u00e0 partir de 17h. Personnes d\u00e9sirant essayer le Tir \u00e0 l&rsquo;Arc Instinctif : Les personnes (\u00e0 partir de 15 ans) d\u00e9sirant essayer le Tir \u00e0 l&rsquo;Arc Instinctif sont invit\u00e9es \u00e0 nous contacter afin de mettre en place une s\u00e9ance d&rsquo;essai sur rendez-vous. Lieu : Les s\u00e9ances d&rsquo;entrainement se fond &hellip; <a href=\"https:\/\/www.laflechelibre.fr\/blog\/les-seances-dentrainements\/\" class=\"more-link\">Continuer la lecture de <span class=\"screen-reader-text\">Les s\u00e9ances d&rsquo;entrainement<\/span>  <span class=\"meta-nav\">&rarr;<\/span><\/a><\/p>\n","protected":false},"author":1,"featured_media":0,"parent":0,"menu_order":0,"comment_status":"closed","ping_status":"closed","template":"","meta":{"footnotes":""},"class_list":["post-77","page","type-page","status-publish","hentry"],"_links":{"self":[{"href":"https:\/\/www.laflechelibre.fr\/blog\/wp-json\/wp\/v2\/pages\/77","targetHints":{"allow":["GET"]}}],"collection":[{"href":"https:\/\/www.laflechelibre.fr\/blog\/wp-json\/wp\/v2\/pages"}],"about":[{"href":"https:\/\/www.laflechelibre.fr\/blog\/wp-json\/wp\/v2\/types\/page"}],"author":[{"embeddable":true,"href":"https:\/\/www.laflechelibre.fr\/blog\/wp-json\/wp\/v2\/users\/1"}],"replies":[{"embeddable":true,"href":"https:\/\/www.laflechelibre.fr\/blog\/wp-json\/wp\/v2\/comments?post=77"}],"version-history":[{"count":67,"href":"https:\/\/www.laflechelibre.fr\/blog\/wp-json\/wp\/v2\/pages\/77\/revisions"}],"predecessor-version":[{"id":860,"href":"https:\/\/www.laflechelibre.fr\/blog\/wp-json\/wp\/v2\/pages\/77\/revisions\/860"}],"wp:attachment":[{"href":"https:\/\/www.laflechelibre.fr\/blog\/wp-json\/wp\/v2\/media?parent=77"}],"curies":[{"name":"wp","href":"https:\/\/api.w.org\/{rel}","templated":true}]}}

Les séances d&rsquo;entrainement

<ul>
<li><strong><span style="text-decoration: underline;">Jours et horaires :<br />
</span></strong> Le lundi à partir de 17h.</li>
<li><span style="text-decoration: underline;"><strong>Personnes désirant essayer le Tir à l&rsquo;Arc Instinctif :</strong></span><br />
Les personnes (à partir de 15 ans) désirant essayer le Tir à l&rsquo;Arc Instinctif sont invitées à nous contacter afin de mettre en place une séance d&rsquo;essai sur rendez-vous.</li>
<li><strong><span style="text-decoration: underline;">Lieu :</span></strong><br />
Les séances d&rsquo;entrainement se fond en extérieur sur le terrain à Laragne-Montéglin (Chemin des Isles, 05300 Laragne-Montéglin).<br />
<span style="text-decoration: underline;">Coordonnées GPS du terrain extérieur :</span><br />
44°18&rsquo;59.2&Prime;N 5°48&rsquo;28.9&Prime;E (44.316450, 5.808023)</li>
<li><strong><span style="text-decoration: underline;">Plan d&rsquo;accès :</span> </strong>(Cliquez sur la photo pour une vue agrandie)<strong><span style="text-decoration: underline;"><br />
<a href="https://www.laflechelibre.fr/blog/wp-content/uploads/2014/03/plan_terrain_laragne.jpg" target="_blank" rel="noopener noreferrer"><img loading="lazy" decoding="async" class="aligncenter wp-image-553 size-full" src="https://www.laflechelibre.fr/blog/wp-content/uploads/2014/03/plan_terrain_laragne.jpg" alt="plan acces terrain" width="1230" height="726" srcset="https://www.laflechelibre.fr/blog/wp-content/uploads/2014/03/plan_terrain_laragne.jpg 1230w, https://www.laflechelibre.fr/blog/wp-content/uploads/2014/03/plan_terrain_laragne-300x177.jpg 300w, https://www.laflechelibre.fr/blog/wp-content/uploads/2014/03/plan_terrain_laragne-768x453.jpg 768w, https://www.laflechelibre.fr/blog/wp-content/uploads/2014/03/plan_terrain_laragne-1024x604.jpg 1024w, https://www.laflechelibre.fr/blog/wp-content/uploads/2014/03/plan_terrain_laragne-600x354.jpg 600w" sizes="auto, (max-width: 1230px) 100vw, 1230px" /></a><a href="https://www.laflechelibre.fr/blog/wp-content/uploads/2014/03/photo_terrain_laragne.jpg" target="_blank" rel="noopener noreferrer"><img loading="lazy" decoding="async" class="alignnone wp-image-556 size-full" src="https://www.laflechelibre.fr/blog/wp-content/uploads/2014/03/photo_terrain_laragne.jpg" alt="photo terrain laragne" width="1641" height="1002" srcset="https://www.laflechelibre.fr/blog/wp-content/uploads/2014/03/photo_terrain_laragne.jpg 1641w, https://www.laflechelibre.fr/blog/wp-content/uploads/2014/03/photo_terrain_laragne-300x183.jpg 300w, https://www.laflechelibre.fr/blog/wp-content/uploads/2014/03/photo_terrain_laragne-768x469.jpg 768w, https://www.laflechelibre.fr/blog/wp-content/uploads/2014/03/photo_terrain_laragne-1024x625.jpg 1024w, https://www.laflechelibre.fr/blog/wp-content/uploads/2014/03/photo_terrain_laragne-600x366.jpg 600w" sizes="auto, (max-width: 1641px) 100vw, 1641px" /></a></span></strong></li>
</ul>

<p>Jours et horaires : Le lundi à partir de 17h. Personnes désirant essayer le Tir à l&rsquo;Arc Instinctif : Les personnes (à partir de 15 ans) désirant essayer le Tir à l&rsquo;Arc Instinctif sont invitées à nous contacter afin de mettre en place une séance d&rsquo;essai sur rendez-vous. Lieu : Les séances d&rsquo;entrainement se fond &hellip; <a href="https://www.laflechelibre.fr/blog/les-seances-dentrainements/" class="more-link">Continuer la lecture de <span class="screen-reader-text">Les séances d&rsquo;entrainement</span>  <span class="meta-nav">&rarr;</span></a></p>
