{"id":133,"date":"2014-05-10T13:44:30","date_gmt":"2014-05-10T12:44:30","guid":{"rendered":"http:\/\/www.laflechelibre.fr\/blog\/?page_id=133"},"modified":"2023-09-03T10:07:30","modified_gmt":"2023-09-03T09:07:30","slug":"planning","status":"publish","type":"page","link":"https:\/\/www.laflechelibre.fr\/blog\/planning\/","title":{"rendered":"Planning 2023\/2024"},"content":{"rendered":"<p>Les s\u00e9ances d&rsquo;entrainement ont lieu tous les lundis \u00e0 partir de 17h en ext\u00e9rieur au <a href=\"https:\/\/www.laflechelibre.fr\/blog\/les-seances-dentrainements\/\">terrain \u00e0 Laragne-Mont\u00e9glin<\/a>.<\/p>\n<p>Pendant l&rsquo;heure d&rsquo;hiver, les s\u00e9ances sont d\u00e9plac\u00e9es un autre jour plus t\u00f4t qui reste \u00e0 d\u00e9finir avec les adh\u00e9rents.<\/p>\n<p>La saison commence le lundi 11 septembre 2023.<\/p>\n<p>Les adh\u00e9rents ont la possibilit\u00e9 d&rsquo;acc\u00e9der au terrain quand ils veulent sous condition (voir r\u00e8glement int\u00e9rieur)<\/p>\n<p><strong><span style=\"text-decoration: underline;\">IMPORTANT<\/span><\/strong> : Il n&rsquo;y a plus de s\u00e9ance <span style=\"text-decoration: underline;\">en salle<\/span>.<\/p>\n<p>Des s\u00e9ances ponctuelles en ext\u00e9rieur devraient se d\u00e9rouler tout au long de la saison.<\/p>\n<p>N&rsquo;h\u00e9sitez pas \u00e0 nous contacter<\/p>\n","protected":false},"excerpt":{"rendered":"<p>Les s\u00e9ances d&rsquo;entrainement ont lieu tous les lundis \u00e0 partir de 17h en ext\u00e9rieur au terrain \u00e0 Laragne-Mont\u00e9glin. Pendant l&rsquo;heure d&rsquo;hiver, les s\u00e9ances sont d\u00e9plac\u00e9es un autre jour plus t\u00f4t qui reste \u00e0 d\u00e9finir avec les adh\u00e9rents. La saison commence le lundi 11 septembre 2023. Les adh\u00e9rents ont la possibilit\u00e9 d&rsquo;acc\u00e9der au terrain quand ils &hellip; <a href=\"https:\/\/www.laflechelibre.fr\/blog\/planning\/\" class=\"more-link\">Continuer la lecture de <span class=\"screen-reader-text\">Planning 2023\/2024<\/span>  <span class=\"meta-nav\">&rarr;<\/span><\/a><\/p>\n","protected":false},"author":1,"featured_media":0,"parent":0,"menu_order":1,"comment_status":"closed","ping_status":"closed","template":"","meta":{"footnotes":""},"class_list":["post-133","page","type-page","status-publish","hentry"],"_links":{"self":[{"href":"https:\/\/www.laflechelibre.fr\/blog\/wp-json\/wp\/v2\/pages\/133","targetHints":{"allow":["GET"]}}],"collection":[{"href":"https:\/\/www.laflechelibre.fr\/blog\/wp-json\/wp\/v2\/pages"}],"about":[{"href":"https:\/\/www.laflechelibre.fr\/blog\/wp-json\/wp\/v2\/types\/page"}],"author":[{"embeddable":true,"href":"https:\/\/www.laflechelibre.fr\/blog\/wp-json\/wp\/v2\/users\/1"}],"replies":[{"embeddable":true,"href":"https:\/\/www.laflechelibre.fr\/blog\/wp-json\/wp\/v2\/comments?post=133"}],"version-history":[{"count":50,"href":"https:\/\/www.laflechelibre.fr\/blog\/wp-json\/wp\/v2\/pages\/133\/revisions"}],"predecessor-version":[{"id":863,"href":"https:\/\/www.laflechelibre.fr\/blog\/wp-json\/wp\/v2\/pages\/133\/revisions\/863"}],"wp:attachment":[{"href":"https:\/\/www.laflechelibre.fr\/blog\/wp-json\/wp\/v2\/media?parent=133"}],"curies":[{"name":"wp","href":"https:\/\/api.w.org\/{rel}","templated":true}]}}

<p>Les séances d&rsquo;entrainement ont lieu tous les lundis à partir de 17h en extérieur au <a href="https://www.laflechelibre.fr/blog/les-seances-dentrainements/">terrain à Laragne-Montéglin</a>.</p>
<p>Pendant l&rsquo;heure d&rsquo;hiver, les séances sont déplacées un autre jour plus tôt qui reste à définir avec les adhérents.</p>
<p>La saison commence le lundi 11 septembre 2023.</p>
<p>Les adhérents ont la possibilité d&rsquo;accéder au terrain quand ils veulent sous condition (voir règlement intérieur)</p>
<p><strong><span style="text-decoration: underline;">IMPORTANT</span></strong> : Il n&rsquo;y a plus de séance <span style="text-decoration: underline;">en salle</span>.</p>
<p>Des séances ponctuelles en extérieur devraient se dérouler tout au long de la saison.</p>
<p>N&rsquo;hésitez pas à nous contacter</p>

<p>Les séances d&rsquo;entrainement ont lieu tous les lundis à partir de 17h en extérieur au terrain à Laragne-Montéglin. Pendant l&rsquo;heure d&rsquo;hiver, les séances sont déplacées un autre jour plus tôt qui reste à définir avec les adhérents. La saison commence le lundi 11 septembre 2023. Les adhérents ont la possibilité d&rsquo;accéder au terrain quand ils &hellip; <a href="https://www.laflechelibre.fr/blog/planning/" class="more-link">Continuer la lecture de <span class="screen-reader-text">Planning 2023/2024</span>  <span class="meta-nav">&rarr;</span></a></p>
